{"id":6473,"date":"2024-10-28T23:33:40","date_gmt":"2024-10-28T20:33:40","guid":{"rendered":"https:\/\/baghdad-academy.com\/?page_id=6473"},"modified":"2024-10-29T14:59:54","modified_gmt":"2024-10-29T11:59:54","slug":"%d8%ad%d9%83%d9%85-%d9%88%d9%85%d9%88%d8%a7%d8%b9%d8%b8-%d9%88%d8%b9%d8%a8%d8%b1-%d9%88%d8%a3%d9%85%d8%ab%d8%a7%d9%84-1","status":"publish","type":"page","link":"https:\/\/baghdad-academy.com\/?page_id=6473","title":{"rendered":"\u062d\u0643\u0645 \u0648\u0645\u0648\u0627\u0639\u0638 \u0648\u0639\u0628\u0631 \u0648\u0623\u0645\u062b\u0627\u0644 [1]"},"content":{"rendered":"\n<hr \/>\n<p dir=\"RTL\" style=\"text-align:justify\"><span style=\"font-size:11pt\"><span style=\"font-family:Calibri,sans-serif\"><strong><span style=\"font-size:41.0pt\"><span style=\"color:#385723\">&rlm;&quot;\u0639\u062f\u0645 \u0625\u062a\u0651\u062e\u0627\u0630 \u0627\u0644\u0642\u0631\u0627\u0631 \u0644\u0627 \u064a\u0639\u0646\u064a \u0627\u0644\u0636\u064e\u0651\u0639\u0641 \u062f\u0648\u0645\u0627\u064b\u060c \u0623\u062d\u064a\u0627\u0646\u0627\u064b \u0647\u0646\u0627\u0643 \u062a\u064e\u0648\u0627\u0632\u064f\u0646\u0627\u062a \u062a\u064e\u0641\u0631\u0650\u0636 \u0646\u0641\u0633\u0647\u0627\u060c \u062a\u064e\u062c\u0639\u0644\u0643 \u062a\u064e\u062a\u064e\u0631\u064a\u064e\u0651\u062b&quot;.<\/span><\/span><\/strong><\/span><\/span><\/p>\n<p dir=\"ltr\" style=\"text-align:justify\"><span style=\"font-size:11pt\"><span style=\"font-family:Calibri,sans-serif\"><strong><span style=\"font-size:18.0pt\"><span style=\"color:red\">&quot;Karar vermemek her zaman zay\u0131fl\u0131k anlam\u0131na gelmez. Bazen kendini dayatan dengeler vard\u0131r ve bu da sizi teredd&uuml;te d&uuml;\u015f&uuml;r&uuml;r.&quot;<\/span><\/span><\/strong><\/span><\/span><\/p>\n<p dir=\"ltr\" style=\"text-align:justify\"><span style=\"font-size:11pt\"><span style=\"font-family:Calibri,sans-serif\"><strong><span style=\"font-size:17.0pt\"><span style=\"color:#002060\">&quot;Not making a decision does not always mean weakness. Sometimes there are balances that impose themselves, making you hesitate.&quot;<\/span><\/span><\/strong><\/span><\/span><\/p>\n<p dir=\"ltr\" style=\"text-align:center\"><img decoding=\"async\" alt=\"\" src=\"https:\/\/fg.jasimabed.net\/?gurl=https:\/\/archive.org\/download\/multi_lang_lib\/202410280002-balance1.jpg\" style=\"height:501px; width:526px\" \/><\/p>\n<hr \/>\n","protected":false},"excerpt":{"rendered":"<div class=\"mh-excerpt\"><p>&rlm;&quot;\u0639\u062f\u0645 \u0625\u062a\u0651\u062e\u0627\u0630 \u0627\u0644\u0642\u0631\u0627\u0631 \u0644\u0627 \u064a\u0639\u0646\u064a \u0627\u0644\u0636\u064e\u0651\u0639\u0641 \u062f\u0648\u0645\u0627\u064b\u060c \u0623\u062d\u064a\u0627\u0646\u0627\u064b \u0647\u0646\u0627\u0643 \u062a\u064e\u0648\u0627\u0632\u064f\u0646\u0627\u062a \u062a\u064e\u0641\u0631\u0650\u0636 \u0646\u0641\u0633\u0647\u0627\u060c \u062a\u064e\u062c\u0639\u0644\u0643 \u062a\u064e\u062a\u064e\u0631\u064a\u064e\u0651\u062b&quot;. &quot;Karar vermemek her zaman zay\u0131fl\u0131k anlam\u0131na gelmez. Bazen kendini dayatan dengeler <a class=\"mh-excerpt-more\" href=\"https:\/\/baghdad-academy.com\/?page_id=6473\" title=\"\u062d\u0643\u0645 \u0648\u0645\u0648\u0627\u0639\u0638 \u0648\u0639\u0628\u0631 \u0648\u0623\u0645\u062b\u0627\u0644 [1]\">[&#8230;]<\/a><\/p>\n<\/div>","protected":false},"author":1,"featured_media":6397,"parent":0,"menu_order":0,"comment_status":"closed","ping_status":"closed","template":"","meta":{"footnotes":""},"class_list":["post-6473","page","type-page","status-publish","has-post-thumbnail","hentry"],"_links":{"self":[{"href":"https:\/\/baghdad-academy.com\/index.php?rest_route=\/wp\/v2\/pages\/6473","targetHints":{"allow":["GET"]}}],"collection":[{"href":"https:\/\/baghdad-academy.com\/index.php?rest_route=\/wp\/v2\/pages"}],"about":[{"href":"https:\/\/baghdad-academy.com\/index.php?rest_route=\/wp\/v2\/types\/page"}],"author":[{"embeddable":true,"href":"https:\/\/baghdad-academy.com\/index.php?rest_route=\/wp\/v2\/users\/1"}],"replies":[{"embeddable":true,"href":"https:\/\/baghdad-academy.com\/index.php?rest_route=%2Fwp%2Fv2%2Fcomments&post=6473"}],"version-history":[{"count":2,"href":"https:\/\/baghdad-academy.com\/index.php?rest_route=\/wp\/v2\/pages\/6473\/revisions"}],"predecessor-version":[{"id":6477,"href":"https:\/\/baghdad-academy.com\/index.php?rest_route=\/wp\/v2\/pages\/6473\/revisions\/6477"}],"wp:featuredmedia":[{"embeddable":true,"href":"https:\/\/baghdad-academy.com\/index.php?rest_route=\/wp\/v2\/media\/6397"}],"wp:attachment":[{"href":"https:\/\/baghdad-academy.com\/index.php?rest_route=%2Fwp%2Fv2%2Fmedia&parent=6473"}],"curies":[{"name":"wp","href":"https:\/\/api.w.org\/{rel}","templated":true}]}}